 4*c - 2. What is k(f)?
-7
Let v be (-2)/(0 + (-4)/10). Suppose -32 + 12 = v*y. Let r(i) = i**2 + 3 - 3 - 2 + 4*i. What is r(y)?
-2
Let i(c) be the second derivative of 1/2*c**2 - 1/6*c**3 + 3*c + 0. Let a = -3 - -5. Calculate i(a).
-1
Let r(l) = 2*l - 14. Let x = -1 - 7. Let q(d) = 3*d - 21. Let p(z) = x*r(z) + 5*q(z). What is p(0)?
7
Let j be -3*((-33)/(-18) + -2)*2. Let n(h) = h**3 - 2*h**2 + 1. What is n(j)?
0
Let n(w) = -w**2 + 9*w - 11. Let q be n(8). Let a be -1*q/(-9)*-3. Let d(j) be the second derivative of j**5/5 + j**2/2 + 2*j. Determine d(a).
5
Let o(q) = 39*q - 20. Let n(b) = 13*b - 7. Let l(m) = -11*n(m) + 4*o(m). Calculate l(2).
23
Let l(o) be the second derivative of -o**3/3 - 5*o**2/2 - o. Let j be l(-4). Let q(m) = -3*m**3 + 2*m**j + 7 + 3*m**2 - 2*m - 4. What is q(2)?
3
Let b(y) = 5*y**2 - 23*y + 6. Let a(t) = 2*t**2 - 8*t + 2. Suppose -z + 0*z - 12 = 3*h, -4*z + 4*h + 32 = 0. Let n(q) = z*b(q) - 8*a(q). Give n(-6).
-4
Suppose -5*s = 3*n - 8, -5*n + 4*s = 1 + 35. Let p = n - -10. Let d(y) be the second derivative of -y**5/20 + 5*y**4/12 + 7*y**3/6 - 4*y**2 + y. What is d(p)?
-2
Suppose 4*u + 0*u - 16 = 0. Let s(y) be the second derivative of -y**5/20 + y**4/3 - y**3/2 + y**2/2 + 3*y. Give s(u).
-11
Let g(o) = -2*o. Let z(y) = -y**2 + 8*y + 11. Let t be z(11). Let a = -27 - t. Give g(a).
10
Let w(c) be the first derivative of -c**6/120 - c**5/20 - c**4/12 + c**2/2 + 1. Let a(t) be the second derivative of w(t). Give a(-3).
6
Let b(q) = q**2 - 8*q + 4. Let s(z) = -11*z - 8. Let f(i) = 5*i + 4. Let r(g) = -5*f(g) - 2*s(g). Let j be r(-3). What is b(j)?
-11
Let t = -31 + 43. Let c(x) = -x**3 + 11*x**2 + 14*x - 14. What is c(t)?
10
Let v(l) = 2 - 1 - 1 - 3*l. Calculate v(-3).
9
Let y(d) be the second derivative of -d**5/20 - d**4/3 + d**3/2 - d**2 + 13*d. Determine y(-5).
8
Let m(g) = g**3 + 9*g**2 - 2*g - 15. Let i be m(-9). Let h(w) = -w**2 + w + 1. What is h(i)?
-5
Let l(r) be the third derivative of r**4/6 + 2*r**3/3 - 13*r**2. What is l(-3)?
-8
Let q(t) = -t**3 - 3*t**2 - 2*t + 2. Let o be q(-2). Suppose n - 4 = o*n. Let k(j) = -j**2 - 3*j + 3. Give k(n).
-1
Let n(i) = -13*i**2 - 5*i + 4. Let g(c) = c**2 + c - 1. Let m(r) = -4*g(r) - n(r). Let p be 3/(-9) + (-2)/3. Determine m(p).
8
Let y(l) = 2*l**3 + 6*l + 2. Let j(c) = c**3 - c**2 + 5*c + 2. Let m(f) = -3*j(f) + 2*y(f). What is m(-4)?
-6
Let x(g) = g**2 - 3*g - 1. Suppose -4*v - 25 = 2*y - 3*v, 5*y - 3*v = -90. Let n be (-39)/y - (-4)/10. Give x(n).
-1
Let u(q) be the second derivative of q**3/6 - q**2/2 - 5*q. Let s = -18 + 11. Give u(s).
-8
Let y(o) = -2*o - 2. Let v(q) = -q**2 - 2*q + 4. Let r(l) = -l - 11. Let g be r(-8). Let h be v(g). Let s = -3 - h. What is y(s)?
6
Let m(t) = -2*t + 5. Let b(r) = -6*r + 14. Suppose j - 3 - 12 = -5*g, -3*j = 3*g - 9. Let s(i) = g*b(i) - 8*m(i). Calculate s(-2).
6
Let r(j) be the second derivative of 1/20*j**5 + 0 + j + 0*j**3 + 1/12*j**4 - 3*j**2. Let k be 0/((1 + -2)*-2). Calculate r(k).
-6
Let s = -5 - -8. Suppose 3*a - 5*n - 21 = 2*a, s*a - 4*n = 8. Let l = 8 + a. Let z(b) = -b. Give z(l).
-4
Suppose y + 13 = 4*f, 2*f + 4 = -2*y + 18. Let d(t) = 2 - 2 - 2*t - 3. Calculate d(y).
-9
Suppose 4*z - 2 = 2*z. Let i(g) = g**3 - 2*g**2. What is i(z)?
-1
Suppose 0*f + f = 4*k, -5*k = 4*f. Suppose 138 = -k*x + 3*x. Let p be (-1)/(-6) + x/12. Let r(h) = h**2 - 6*h + 2. What is r(p)?
-6
Let f(u) be the first derivative of -u**3/3 - 5*u**2/2 - u + 1. Suppose t - 20 = 4*d, -12 = 7*d - 3*d - 3*t. Calculate f(d).
-7
Let z(s) = -7*s**3 + 3*s**2 + 5*s + 18. Let f(r) = r**3 + r**2 - r - 1. Let p(a) = 6*f(a) + z(a). Determine p(9).
3
Let q(r) be the second derivative of -1/2*r**3 + 0 + 2*r - 2*r**2 + 1/12*r**4. Suppose 3*k - 15 = -3. What is q(k)?
0
Let s(v) = 5*v**2 + 6*v. Let n(i) = -i**2 - i. Let a(o) = 6*n(o) + s(o). Let g(k) = k**3 + 2*k**2 - 2*k + 2. Let d(l) = -5*a(l) - g(l). Determine d(4).
-10
Let j = -17 + 35. Let a = j + 0. Let q be (-4)/a - 8/(-36). Let h(n) = n**2 + n + 4. Calculate h(q).
4
Let r(g) = 3*g - 2 + g**2 - g + 2*g - 3. What is r(-5)?
0
Let x(c) be the third derivative of 0 - 1/60*c**5 + 5/24*c**4 - c**2 + 0*c**3 + 0*c. What is x(6)?
-6
Let d = 3 - 4. Let h(y) = -y. Let x(z) = -z**2 + 5*z + 3. Let v be x(5). Let r(u) = -u + 1. Let j(p) = v*h(p) + r(p). Determine j(d).
5
Let g(o) be the second derivative of -o**5/20 - o**4/4 + o**3/6 + 3*o**2/2 - 40*o - 1. Let p be -2 + (-1)/(1/1). Calculate g(p).
0
Let h(t) = t - 1. Suppose -7 = -3*s - c + 3, 2*s + 5*c - 11 = 0. Let k be s*-1 - (2 + -8). Determine h(k).
2
Suppose 0 = 2*t - 3*f + 5, 5*t + 3*f + 2*f + 50 = 0. Let u(y) = y**2 + 7*y + 6. Let c be u(t). Let a(l) = c*l - 8*l - 1 - 7*l - 2*l. Determine a(-1).
10
Let p(h) be the first derivative of h**3/3 - 2*h**2 + 5*h - 24. Calculate p(4).
5
Let g(b) = b**3 + 6*b**2 + b + 7. Let l be g(-6). Let y be (4 - -1) + -2 + l. Let u(f) = 0*f - 1 - f**3 + 3*f**2 + y*f - 4*f**2. What is u(-3)?
5
Let z(q) = -q + 5. Suppose -3*t + 10 = -v, -v + 3*t - 5 = 5*t. Let a(r) = r**3 + 8*r**2 + 8*r + 7. Let c be a(v). Give z(c).
5
Let z be 1 - (0 - (1 - 0)). Let s(t) = -z*t**2 - t**2 + 0*t**3 - 2*t - t**3. Calculate s(-2).
0
Let s(k) = 4*k**2 + 9*k + 5. Let q(m) = -1 - 8*m - 3*m**2 - 1 - 3. Let w(n) = 3*q(n) + 2*s(n). Let g(o) = -o**2 + 10*o - 14. Let t be g(9). Determine w(t).
0
Suppose 3*l - 5*l + 4*x - 20 = 0, -2 = -x. Let r(m) = -m**3 - 5*m**2 + 6*m - 3. What is r(l)?
-3
Suppose 5*u = -11 + 26. Let r(s) = 1 + 0*s - 2 - 4*s + u*s. Give r(0).
-1
Let l(f) be the second derivative of -f**5/20 - f**4/4 + f**3/6 - 2*f**2 - 24*f. Calculate l(-3).
-7
Let i(k) = -k + 4. Suppose -16 = -3*s - 43. Let h(l) = l**2 + 7*l - 15. Let d be h(s). Give i(d).
1
Let i(v) be the first derivative of -1/4*v**4 + 2 - 3*v + 0*v**3 + 0*v**2. What is i(0)?
-3
Let q(n) = n. Suppose 12 - 28 = -4*d. Calculate q(d).
4
Let n(z) = -4*z - 5. Let m = -9 + 5. Calculate n(m).
11
Let v(x) = -2*x**2 - 3. Let n(g) = -g + 1. Let c(z) = 6*n(z) + v(z). Let y(s) = s**2 + 3*s - 2. Let m(l) = 3*c(l) + 5*y(l). Let d = 1 - 5. Calculate m(d).
-5
Let t(o) = o**3 - 3*o**2 - 3*o + 1. Let b(r) = 5*r**3 - 11*r**2 - 13*r + 5. Let c(w) = -2*b(w) + 9*t(w). Determine c(-5).
4
Let c be (4/(-6))/(2/(-27)). Suppose -3 = 3*v - c. Suppose 0 = -6*m + v*m. Let i(r) = -r**2 - r + 5. Calculate i(m).
5
Let w = 8 - 10. Let b = -6 - w. Let j(d) = -4*d - 9. Let q(g) = -g. Let u(r) = -j(r) + 3*q(r). Give u(b).
5
Let h(n) = -n + 6. Let q(i) = -2*i - 16. Let u be q(-8). Calculate h(u).
6
Let t = 61/14 + -13/7. Let d(k) be the second derivative of 2*k + 1/3*k**3 - t*k**2 + 0. Give d(5).
5
Let q(g) = g**3 + 3*g**2 + g + 3. Let h be q(-3). Let c(u) = -u**3 - u**2 + 2. Let t be c(h). Let a(i) = 3*i**2 - 3*i + 2. Give a(t).
8
Let o(f) = f. Let v(i) = -7*i - 8. Let n(m) = -6*o(m) - v(m). Determine n(-7).
1
Suppose -2*n = -0*n - 8. Let m(y) = -y + 5. Calculate m(n).
1
Let o(z) be the third derivative of z**6/24 + z**5/60 + z**4/4 + z**3/6 - 7*z**2. Let y(i) = 4*i**3 + 5*i. Let j(k) = 3*o(k) - 4*y(k). Calculate j(3).
-3
Suppose -24 - 6 = 5*i. Let n(q) = -q**2 - 8*q - 2. Give n(i).
10
Let v(u) = -6*u**2 + 16*u**2 - 3*u**2 - 6*u**2 + 1 + 4*u. Suppose -2*m = 2 + 2. Give v(m).
-3
Let p = 123 - 130. Let l(s) = -s**2 - 7*s - 4. What is l(p)?
-4
Suppose -4*g = -y - 0*g - 7, 2*g + 4 = 2*y. Suppose 0 = 5*h - 3*k - 0*k + 3, -h - 3 = -3*k. Let p(w) = 2*w + h - w + y*w**3 - 1. Give p(1).
5
Let p = 4 - -10. Suppose 3*j = -2 + p. Let o(s) = j*s**2 - 6 + 9 - 3*s - 5*s**2. Calculate o(-4).
-1
Let i(n) = -n**2 - 23. Suppose 16*p - 13*p = 0. What is i(p)?
-23
Let a = 29 + -19. Suppose -20 = -5*p - l, -4*p + l = 3*l - a. Let s(k) = -3*k**2 + 1. Let c(u) = -7*u**2 + 2. Let j(v) = p*s(v) - 2*c(v). What is j(1)?
0
Let k be (6/8)/((-1)/4). Let v(x) = -x**2 + 2*x - 3. Let a(i) = -3*i**2 + 5*i - 6. Let w(h) = -2*a(h) + 5*v(h). Determine w(k).
6
Let c(u) = u**3 - 2*u**2 - 7*u + 6. Let a be (-30)/8 + 2/(-8). Let i be 1 + a/(-4) - -2. Give c(i).
10
Let g(l) = -5*l - 6. Let s(r) = 7*r + 0 + 4*r + 13. Let c(a) = 7*g(a) + 3*s(a). Give c(-5).
7
Suppose 7*k - 11 = 3. Let d(w) be the second derivative of w**4/12 - 4*w. Calculate d(k).
4
Let c(m) = m + 3 - 2 + m**2 - 2. Let s(p) = 2*p**2 + 5*p - 6. Let g(i) = 6*c(i) - s(i). Give g(1).
5
Let a(k) = k. Let g(s) =